{"id":3774,"date":"2024-12-16T22:13:22","date_gmt":"2024-12-16T21:13:22","guid":{"rendered":"https:\/\/svornitologia.org\/les-marines\/"},"modified":"2025-12-05T13:28:23","modified_gmt":"2025-12-05T12:28:23","slug":"las-marinas","status":"publish","type":"page","link":"https:\/\/svornitologia.org\/es\/las-marinas\/","title":{"rendered":"Les Marines"},"content":{"rendered":"\n<p>En 2022 se constituy\u00f3 el grupo local SVO, como grupo comarcal de Les Marines y como coordinadora provincial de la Sociedad Valenciana de Ornitolog\u00eda, y con el fin de trabajar por el estudio cient\u00edfico de las aves y del resto de la biodiversidad que vive y\/o transita las comarcas del sur de la Comunidad Valenciana; de velar por la protecci\u00f3n y conservaci\u00f3n de sus h\u00e1bitats, ecosistemas y del medio ambiente en general; de realizar actividades de formaci\u00f3n y difusi\u00f3n de los valores naturales a las nuevas generaciones ya toda la ciudadan\u00eda en general; de promover el emprendimiento para la posible creaci\u00f3n de empresas de Birding o Bird watching como opci\u00f3n para la promoci\u00f3n de un turismo complementario, sostenible, respetuoso y de calidad; as\u00ed como para colaborar con las distintas entidades privadas y p\u00fablicas que nos lo soliciten, especialmente con aquellas vinculadas a los espacios protegidos de alto valor ecol\u00f3gico de las comarcas del mediod\u00eda valenciano.<\/p>\n\n\n\n<p>Las actividades que nuestro grupo se propone y proyecta realizar son las siguientes:<\/p>\n\n\n\n<ul class=\"wp-block-list\">\n<li>Realizar tareas de coordinaci\u00f3n provincial de la Sociedad Valenciana de Ornitolog\u00eda para las comarcas alicantinas, realizando reuniones y asambleas generales de sus socios y\/o simpatizantes, entre otros.<\/li>\n<\/ul>\n\n\n\n<ul class=\"wp-block-list\">\n<li>Actuaciones de estudio cient\u00edfico y de potenciaci\u00f3n de la fauna y flora, dirigidas a la divulgaci\u00f3n ambiental y conservaci\u00f3n de nuestra biodiversidad, y especialmente de las aves y sus h\u00e1bitats, en colaboraci\u00f3n con las entidades y organismos que lo solicitan , en espacios forestales, humedales, entornos rurales, marinos y urbanos de los municipios de la provincia de Alicante.<\/li>\n<\/ul>\n\n\n\n<ul class=\"wp-block-list\">\n<li>Actividades formativas y de divulgaci\u00f3n ambiental (salidas ornitol\u00f3gicas, cursos, seminarios, jornadas, conferencias, charlas, simposios, encuentros, proyecciones audiovisuales, exposiciones y congresos de \u00e1mbito auton\u00f3mico, nacional e internacional) para ornit\u00f3logos, naturalistas, estudiantes, docentes, asociaciones y ciudadan\u00eda en general.<\/li>\n<\/ul>\n\n\n\n<ul class=\"wp-block-list\">\n<li>Talleres tecnol\u00f3gicos de elaboraci\u00f3n de cajas nido de aves y de cajas refugio de murci\u00e9lagos para su colocaci\u00f3n y seguimiento en diferentes municipios de la provincia.<\/li>\n<\/ul>\n\n\n\n<ul class=\"wp-block-list\">\n<li>Colaboraciones con centros educativos de todos los niveles (infantil, primaria, secundaria, formaci\u00f3n profesional, formaci\u00f3n de personas adultas, universitarios, etc.) y otras entidades y asociaciones, para el desarrollo de acciones formativas y talleres.<\/li>\n<\/ul>\n\n\n\n<ul class=\"wp-block-list\">\n<li>Gesti\u00f3n de fondos audiovisuales, documentales y bibliotecarios de tem\u00e1tica ambiental para el pr\u00e9stamo a los socios del grupo y de cualquier ciudadano que as\u00ed lo solicite.<\/li>\n<\/ul>\n\n\n\n<ul class=\"wp-block-list\">\n<li>Almacenaje y control del material de trabajo del grupo y\/o de titularidad p\u00fablica para el desarrollo de las actividades propuestas con microscopios, lupas binoculares, prism\u00e1ticos, telescopios terrestres, herramientas y productos de trabajo de la madera, cajas nido, cajas refugio, gu\u00edas de campo, carteler\u00eda, redes y otro material de anillamiento cient\u00edfico inventariable, azadas, etc.<\/li>\n<\/ul>\n\n\n\n<ul class=\"wp-block-list\">\n<li>Colaboraci\u00f3n y asesoramiento a los ayuntamientos para la realizaci\u00f3n de proyectos medioambientales y para la confecci\u00f3n de recursos did\u00e1cticos p\u00fablicos como carteler\u00eda, posters, gu\u00edas, libros y cualquier otra necesidad de car\u00e1cter ambiental.<\/li>\n<\/ul>\n\n\n\n<ul class=\"wp-block-list\">\n<li>Asesoramiento para la creaci\u00f3n de empresas de <em>Birding<\/em> o <em>Birdwatching<\/em>, as\u00ed como la colaboraci\u00f3n con los diferentes tours operadores del sector tur\u00edstico para la promoci\u00f3n de un turismo sostenible, respetuoso y de calidad respecto a nuestro patrimonio natural, mediante la elaboraci\u00f3n de gu\u00edas, folletos, libros y rutas ambientales guiadas al menos en castellano, valenciano e ingl\u00e9s.<\/li>\n<\/ul>\n\n\n\n<ul class=\"wp-block-list\">\n<li>Localizaci\u00f3n del equipo redactor y maquetador de los diferentes medios de comunicaci\u00f3n de la SVO como web, redes sociales, publicaciones digitales y en papel.<\/li>\n<\/ul>\n\n\n\n<ul class=\"wp-block-list\">\n<li>Trabajos de gesti\u00f3n, administraci\u00f3n y secretar\u00eda de la asociaci\u00f3n, as\u00ed como reuniones de la junta directiva y asambleas generales.<\/li>\n<\/ul>\n\n\n\n<ul class=\"wp-block-list\">\n<li>Creaci\u00f3n de la oficina de atenci\u00f3n al ciudadano, f\u00edsica y virtual, para la recepci\u00f3n e informaci\u00f3n de socios, asociaciones, entidades y ciudadan\u00eda en general de toda la provincia.<\/li>\n<\/ul>\n\n\n\n<p><strong>Dami\u00e0 Devesa Devesa<\/strong><br>Representant Grup SVO Les Marines<br>Coordinaci\u00f3 Comarques Alacantines<br><a href=\"mailto:svolesmarines@gmail.com\"><strong>lesmarines@svornitologia.org<\/strong><\/a><\/p>\n","protected":false},"excerpt":{"rendered":"<p>En 2022 se constituy\u00f3 el grupo local SVO, como grupo comarcal de Les Marines y como coordinadora provincial de la Sociedad Valenciana de Ornitolog\u00eda, y con el fin de trabajar por el estudio cient\u00edfico de las aves y del resto de la biodiversidad que vive y\/o transita las comarcas del sur de la Comunidad Valenciana; [&hellip;]<\/p>\n","protected":false},"author":3,"featured_media":0,"parent":0,"menu_order":0,"comment_status":"closed","ping_status":"closed","template":"","meta":{"footnotes":""},"class_list":["post-3774","page","type-page","status-publish","hentry","clearfix"],"_links":{"self":[{"href":"https:\/\/svornitologia.org\/es\/wp-json\/wp\/v2\/pages\/3774","targetHints":{"allow":["GET"]}}],"collection":[{"href":"https:\/\/svornitologia.org\/es\/wp-json\/wp\/v2\/pages"}],"about":[{"href":"https:\/\/svornitologia.org\/es\/wp-json\/wp\/v2\/types\/page"}],"author":[{"embeddable":true,"href":"https:\/\/svornitologia.org\/es\/wp-json\/wp\/v2\/users\/3"}],"replies":[{"embeddable":true,"href":"https:\/\/svornitologia.org\/es\/wp-json\/wp\/v2\/comments?post=3774"}],"version-history":[{"count":5,"href":"https:\/\/svornitologia.org\/es\/wp-json\/wp\/v2\/pages\/3774\/revisions"}],"predecessor-version":[{"id":3955,"href":"https:\/\/svornitologia.org\/es\/wp-json\/wp\/v2\/pages\/3774\/revisions\/3955"}],"wp:attachment":[{"href":"https:\/\/svornitologia.org\/es\/wp-json\/wp\/v2\/media?parent=3774"}],"curies":[{"name":"wp","href":"https:\/\/api.w.org\/{rel}","templated":true}]}}

<p>En 2022 se constituyó el grupo local SVO, como grupo comarcal de Les Marines y como coordinadora provincial de la Sociedad Valenciana de Ornitología, y con el fin de trabajar por el estudio científico de las aves y del resto de la biodiversidad que vive y/o transita las comarcas del sur de la Comunidad Valenciana; de velar por la protección y conservación de sus hábitats, ecosistemas y del medio ambiente en general; de realizar actividades de formación y difusión de los valores naturales a las nuevas generaciones ya toda la ciudadanía en general; de promover el emprendimiento para la posible creación de empresas de Birding o Bird watching como opción para la promoción de un turismo complementario, sostenible, respetuoso y de calidad; así como para colaborar con las distintas entidades privadas y públicas que nos lo soliciten, especialmente con aquellas vinculadas a los espacios protegidos de alto valor ecológico de las comarcas del mediodía valenciano.</p>



<p>Las actividades que nuestro grupo se propone y proyecta realizar son las siguientes:</p>



<ul class="wp-block-list">
<li>Realizar tareas de coordinación provincial de la Sociedad Valenciana de Ornitología para las comarcas alicantinas, realizando reuniones y asambleas generales de sus socios y/o simpatizantes, entre otros.</li>
</ul>



<ul class="wp-block-list">
<li>Actuaciones de estudio científico y de potenciación de la fauna y flora, dirigidas a la divulgación ambiental y conservación de nuestra biodiversidad, y especialmente de las aves y sus hábitats, en colaboración con las entidades y organismos que lo solicitan , en espacios forestales, humedales, entornos rurales, marinos y urbanos de los municipios de la provincia de Alicante.</li>
</ul>



<ul class="wp-block-list">
<li>Actividades formativas y de divulgación ambiental (salidas ornitológicas, cursos, seminarios, jornadas, conferencias, charlas, simposios, encuentros, proyecciones audiovisuales, exposiciones y congresos de ámbito autonómico, nacional e internacional) para ornitólogos, naturalistas, estudiantes, docentes, asociaciones y ciudadanía en general.</li>
</ul>



<ul class="wp-block-list">
<li>Talleres tecnológicos de elaboración de cajas nido de aves y de cajas refugio de murciélagos para su colocación y seguimiento en diferentes municipios de la provincia.</li>
</ul>



<ul class="wp-block-list">
<li>Colaboraciones con centros educativos de todos los niveles (infantil, primaria, secundaria, formación profesional, formación de personas adultas, universitarios, etc.) y otras entidades y asociaciones, para el desarrollo de acciones formativas y talleres.</li>
</ul>



<ul class="wp-block-list">
<li>Gestión de fondos audiovisuales, documentales y bibliotecarios de temática ambiental para el préstamo a los socios del grupo y de cualquier ciudadano que así lo solicite.</li>
</ul>



<ul class="wp-block-list">
<li>Almacenaje y control del material de trabajo del grupo y/o de titularidad pública para el desarrollo de las actividades propuestas con microscopios, lupas binoculares, prismáticos, telescopios terrestres, herramientas y productos de trabajo de la madera, cajas nido, cajas refugio, guías de campo, cartelería, redes y otro material de anillamiento científico inventariable, azadas, etc.</li>
</ul>



<ul class="wp-block-list">
<li>Colaboración y asesoramiento a los ayuntamientos para la realización de proyectos medioambientales y para la confección de recursos didácticos públicos como cartelería, posters, guías, libros y cualquier otra necesidad de carácter ambiental.</li>
</ul>



<ul class="wp-block-list">
<li>Asesoramiento para la creación de empresas de <em>Birding</em> o <em>Birdwatching</em>, así como la colaboración con los diferentes tours operadores del sector turístico para la promoción de un turismo sostenible, respetuoso y de calidad respecto a nuestro patrimonio natural, mediante la elaboración de guías, folletos, libros y rutas ambientales guiadas al menos en castellano, valenciano e inglés.</li>
</ul>



<ul class="wp-block-list">
<li>Localización del equipo redactor y maquetador de los diferentes medios de comunicación de la SVO como web, redes sociales, publicaciones digitales y en papel.</li>
</ul>



<ul class="wp-block-list">
<li>Trabajos de gestión, administración y secretaría de la asociación, así como reuniones de la junta directiva y asambleas generales.</li>
</ul>



<ul class="wp-block-list">
<li>Creación de la oficina de atención al ciudadano, física y virtual, para la recepción e información de socios, asociaciones, entidades y ciudadanía en general de toda la provincia.</li>
</ul>



<p><strong>Damià Devesa Devesa</strong><br>Representant Grup SVO Les Marines<br>Coordinació Comarques Alacantines<br><a href="mailto:svolesmarines@gmail.com"><strong>lesmarines@svornitologia.org</strong></a></p>

<p>En 2022 se constituyó el grupo local SVO, como grupo comarcal de Les Marines y como coordinadora provincial de la Sociedad Valenciana de Ornitología, y con el fin de trabajar por el estudio científico de las aves y del resto de la biodiversidad que vive y/o transita las comarcas del sur de la Comunidad Valenciana; [&hellip;]</p>
