{"id":2944,"date":"2020-02-28T08:12:26","date_gmt":"2020-02-28T08:12:26","guid":{"rendered":"https:\/\/svornitologia.org\/?page_id=2944"},"modified":"2020-02-28T08:14:02","modified_gmt":"2020-02-28T08:14:02","slug":"proyecto-monau-cajas-nido","status":"publish","type":"page","link":"https:\/\/svornitologia.org\/es\/proyecto-monau-cajas-nido\/","title":{"rendered":"Proyecto MONAU &#8211; Cajas nido"},"content":{"rendered":"<p><img loading=\"lazy\" decoding=\"async\" class=\"aligncenter size-full wp-image-2953\" src=\"https:\/\/svornitologia.org\/wp-content\/uploads\/2020\/02\/monau.jpg\" alt=\"\" width=\"958\" height=\"458\" srcset=\"https:\/\/svornitologia.org\/wp-content\/uploads\/2020\/02\/monau.jpg 958w, https:\/\/svornitologia.org\/wp-content\/uploads\/2020\/02\/monau-300x143.jpg 300w, https:\/\/svornitologia.org\/wp-content\/uploads\/2020\/02\/monau-768x367.jpg 768w\" sizes=\"auto, (max-width: 958px) 100vw, 958px\" \/>A finales de 2019, la <em>Societat Valenciana d&#8217;Ornitologia<\/em>, visto que ya dispon\u00edan de algunas <strong>cajas nido<\/strong> repartidas por el territorio valenciano, se plantea iniciar un proyecto m\u00e1s ambicioso en lo que respecta a medidas de conservaci\u00f3n de las aves insect\u00edvoras, especies aliadas en el control biol\u00f3gico de plagas.<\/p>\n<p>&nbsp;<\/p>\n<p><img loading=\"lazy\" decoding=\"async\" class=\"aligncenter size-full wp-image-2948\" src=\"https:\/\/svornitologia.org\/wp-content\/uploads\/2020\/02\/cajas.jpg\" alt=\"\" width=\"960\" height=\"720\" srcset=\"https:\/\/svornitologia.org\/wp-content\/uploads\/2020\/02\/cajas.jpg 960w, https:\/\/svornitologia.org\/wp-content\/uploads\/2020\/02\/cajas-300x225.jpg 300w, https:\/\/svornitologia.org\/wp-content\/uploads\/2020\/02\/cajas-768x576.jpg 768w\" sizes=\"auto, (max-width: 960px) 100vw, 960px\" \/><\/p>\n<p>&nbsp;<\/p>\n<p>El principal <strong>objetivo es<\/strong> <strong>proporcionar lugares de nidificaci\u00f3n a paseriformes forestales<\/strong>, no obstante <strong>MONAU<\/strong> es mucho m\u00e1s que eso:<\/p>\n<ul>\n<li>En el proyecto se <strong>reutilizar\u00e1n en la medida de lo posible materiales para este fin<\/strong>, disminuyendo la huella ecol\u00f3gica.<\/li>\n<li>Unido a la colocaci\u00f3n de cajas se realizar\u00e1n <strong>talleres y charlas de educaci\u00f3n ambiental<\/strong> para que tanto ni\u00f1os como adultos entiendan la importancia de las aves en los ecosistemas forestales.<\/li>\n<li>Como siempre, <strong>la SVO une medidas de conservaci\u00f3n directas, educaci\u00f3n\/divulgaci\u00f3n ambiental y CIENCIA<\/strong>. Por lo que en todas las localidades objeto del proyecto se realizar\u00e1 seguimientos y se realizar\u00e1n estudios para mejorar nuestro conocimiento sobre estas aves.<\/li>\n<\/ul>\n<p><img loading=\"lazy\" decoding=\"async\" class=\"aligncenter size-full wp-image-2951\" src=\"https:\/\/svornitologia.org\/wp-content\/uploads\/2020\/02\/taller_monau1.jpg\" alt=\"\" width=\"667\" height=\"772\" srcset=\"https:\/\/svornitologia.org\/wp-content\/uploads\/2020\/02\/taller_monau1.jpg 667w, https:\/\/svornitologia.org\/wp-content\/uploads\/2020\/02\/taller_monau1-259x300.jpg 259w\" sizes=\"auto, (max-width: 667px) 100vw, 667px\" \/><\/p>\n<p>&nbsp;<\/p>\n<p>Para cualquier consulta o ayudarnos con el proyecto puedes enviar un <strong>whatsapp<\/strong> al n\u00famero <strong>662 25 36 38<\/strong> o contactar al <strong>e-mail<\/strong> de los coordinadores del proyecto.<\/p>\n<p>Jos\u00e9 Monterde &#8211;\u00a0<a href=\"mailto:montelovijo@gmail.com\" target=\"_blank\" rel=\"noopener\">montelovijo@gmail.com<\/a><br \/>\nSamuel Auni\u00f3n &#8211;\u00a0<a href=\"mailto:samuel0816@hotmail.com\" target=\"_blank\" rel=\"noopener\">samuel0816@hotmail.com<\/a><\/p>\n<p>Puedes <strong>consultar las actividades<\/strong> que se van realizando en este proyecto en su p\u00e1gina de Facebook: <strong><a href=\"https:\/\/www.facebook.com\/Monau.svo\/\" target=\"_blank\" rel=\"noopener\">MONAU-CAJAS NIDO<\/a><\/strong>.<\/p>\n<p>&nbsp;<\/p>\n<p><img loading=\"lazy\" decoding=\"async\" class=\"aligncenter size-full wp-image-2950\" src=\"https:\/\/svornitologia.org\/wp-content\/uploads\/2020\/02\/jornada_monau.jpg\" alt=\"\" width=\"909\" height=\"574\" srcset=\"https:\/\/svornitologia.org\/wp-content\/uploads\/2020\/02\/jornada_monau.jpg 909w, https:\/\/svornitologia.org\/wp-content\/uploads\/2020\/02\/jornada_monau-300x189.jpg 300w, https:\/\/svornitologia.org\/wp-content\/uploads\/2020\/02\/jornada_monau-768x485.jpg 768w\" sizes=\"auto, (max-width: 909px) 100vw, 909px\" \/><\/p>\n<p>&nbsp;<\/p>\n<p><img loading=\"lazy\" decoding=\"async\" class=\"aligncenter size-full wp-image-2952\" src=\"https:\/\/svornitologia.org\/wp-content\/uploads\/2020\/02\/caja2.jpg\" alt=\"\" width=\"529\" height=\"465\" srcset=\"https:\/\/svornitologia.org\/wp-content\/uploads\/2020\/02\/caja2.jpg 529w, https:\/\/svornitologia.org\/wp-content\/uploads\/2020\/02\/caja2-300x264.jpg 300w\" sizes=\"auto, (max-width: 529px) 100vw, 529px\" \/><\/p>\n","protected":false},"excerpt":{"rendered":"<p>A finales de 2019, la Societat Valenciana d&#8217;Ornitologia, visto que ya dispon\u00edan de algunas cajas nido repartidas por el territorio valenciano, se plantea iniciar un proyecto m\u00e1s ambicioso en lo que respecta a medidas de conservaci\u00f3n de las aves insect\u00edvoras, especies aliadas en el control biol\u00f3gico de plagas. &nbsp; &nbsp; El principal objetivo es proporcionar [&hellip;]<\/p>\n","protected":false},"author":1,"featured_media":0,"parent":0,"menu_order":0,"comment_status":"closed","ping_status":"closed","template":"","meta":{"footnotes":""},"class_list":["post-2944","page","type-page","status-publish","hentry","clearfix"],"_links":{"self":[{"href":"https:\/\/svornitologia.org\/es\/wp-json\/wp\/v2\/pages\/2944","targetHints":{"allow":["GET"]}}],"collection":[{"href":"https:\/\/svornitologia.org\/es\/wp-json\/wp\/v2\/pages"}],"about":[{"href":"https:\/\/svornitologia.org\/es\/wp-json\/wp\/v2\/types\/page"}],"author":[{"embeddable":true,"href":"https:\/\/svornitologia.org\/es\/wp-json\/wp\/v2\/users\/1"}],"replies":[{"embeddable":true,"href":"https:\/\/svornitologia.org\/es\/wp-json\/wp\/v2\/comments?post=2944"}],"version-history":[{"count":5,"href":"https:\/\/svornitologia.org\/es\/wp-json\/wp\/v2\/pages\/2944\/revisions"}],"predecessor-version":[{"id":2959,"href":"https:\/\/svornitologia.org\/es\/wp-json\/wp\/v2\/pages\/2944\/revisions\/2959"}],"wp:attachment":[{"href":"https:\/\/svornitologia.org\/es\/wp-json\/wp\/v2\/media?parent=2944"}],"curies":[{"name":"wp","href":"https:\/\/api.w.org\/{rel}","templated":true}]}}

<p><img loading="lazy" decoding="async" class="aligncenter size-full wp-image-2953" src="https://svornitologia.org/wp-content/uploads/2020/02/monau.jpg" alt="" width="958" height="458" srcset="https://svornitologia.org/wp-content/uploads/2020/02/monau.jpg 958w, https://svornitologia.org/wp-content/uploads/2020/02/monau-300x143.jpg 300w, https://svornitologia.org/wp-content/uploads/2020/02/monau-768x367.jpg 768w" sizes="auto, (max-width: 958px) 100vw, 958px" />A finales de 2019, la <em>Societat Valenciana d&#8217;Ornitologia</em>, visto que ya disponían de algunas <strong>cajas nido</strong> repartidas por el territorio valenciano, se plantea iniciar un proyecto más ambicioso en lo que respecta a medidas de conservación de las aves insectívoras, especies aliadas en el control biológico de plagas.</p>
<p>&nbsp;</p>
<p><img loading="lazy" decoding="async" class="aligncenter size-full wp-image-2948" src="https://svornitologia.org/wp-content/uploads/2020/02/cajas.jpg" alt="" width="960" height="720" srcset="https://svornitologia.org/wp-content/uploads/2020/02/cajas.jpg 960w, https://svornitologia.org/wp-content/uploads/2020/02/cajas-300x225.jpg 300w, https://svornitologia.org/wp-content/uploads/2020/02/cajas-768x576.jpg 768w" sizes="auto, (max-width: 960px) 100vw, 960px" /></p>
<p>&nbsp;</p>
<p>El principal <strong>objetivo es</strong> <strong>proporcionar lugares de nidificación a paseriformes forestales</strong>, no obstante <strong>MONAU</strong> es mucho más que eso:</p>
<ul>
<li>En el proyecto se <strong>reutilizarán en la medida de lo posible materiales para este fin</strong>, disminuyendo la huella ecológica.</li>
<li>Unido a la colocación de cajas se realizarán <strong>talleres y charlas de educación ambiental</strong> para que tanto niños como adultos entiendan la importancia de las aves en los ecosistemas forestales.</li>
<li>Como siempre, <strong>la SVO une medidas de conservación directas, educación/divulgación ambiental y CIENCIA</strong>. Por lo que en todas las localidades objeto del proyecto se realizará seguimientos y se realizarán estudios para mejorar nuestro conocimiento sobre estas aves.</li>
</ul>
<p><img loading="lazy" decoding="async" class="aligncenter size-full wp-image-2951" src="https://svornitologia.org/wp-content/uploads/2020/02/taller_monau1.jpg" alt="" width="667" height="772" srcset="https://svornitologia.org/wp-content/uploads/2020/02/taller_monau1.jpg 667w, https://svornitologia.org/wp-content/uploads/2020/02/taller_monau1-259x300.jpg 259w" sizes="auto, (max-width: 667px) 100vw, 667px" /></p>
<p>&nbsp;</p>
<p>Para cualquier consulta o ayudarnos con el proyecto puedes enviar un <strong>whatsapp</strong> al número <strong>662 25 36 38</strong> o contactar al <strong>e-mail</strong> de los coordinadores del proyecto.</p>
<p>José Monterde &#8211; <a href="mailto:montelovijo@gmail.com" target="_blank" rel="noopener">montelovijo@gmail.com</a><br />
Samuel Aunión &#8211; <a href="mailto:samuel0816@hotmail.com" target="_blank" rel="noopener">samuel0816@hotmail.com</a></p>
<p>Puedes <strong>consultar las actividades</strong> que se van realizando en este proyecto en su página de Facebook: <strong><a href="https://www.facebook.com/Monau.svo/" target="_blank" rel="noopener">MONAU-CAJAS NIDO</a></strong>.</p>
<p>&nbsp;</p>
<p><img loading="lazy" decoding="async" class="aligncenter size-full wp-image-2950" src="https://svornitologia.org/wp-content/uploads/2020/02/jornada_monau.jpg" alt="" width="909" height="574" srcset="https://svornitologia.org/wp-content/uploads/2020/02/jornada_monau.jpg 909w, https://svornitologia.org/wp-content/uploads/2020/02/jornada_monau-300x189.jpg 300w, https://svornitologia.org/wp-content/uploads/2020/02/jornada_monau-768x485.jpg 768w" sizes="auto, (max-width: 909px) 100vw, 909px" /></p>
<p>&nbsp;</p>
<p><img loading="lazy" decoding="async" class="aligncenter size-full wp-image-2952" src="https://svornitologia.org/wp-content/uploads/2020/02/caja2.jpg" alt="" width="529" height="465" srcset="https://svornitologia.org/wp-content/uploads/2020/02/caja2.jpg 529w, https://svornitologia.org/wp-content/uploads/2020/02/caja2-300x264.jpg 300w" sizes="auto, (max-width: 529px) 100vw, 529px" /></p>

<p>A finales de 2019, la Societat Valenciana d&#8217;Ornitologia, visto que ya disponían de algunas cajas nido repartidas por el territorio valenciano, se plantea iniciar un proyecto más ambicioso en lo que respecta a medidas de conservación de las aves insectívoras, especies aliadas en el control biológico de plagas. &nbsp; &nbsp; El principal objetivo es proporcionar [&hellip;]</p>
