{"id":1208,"date":"2018-05-08T17:39:15","date_gmt":"2018-05-08T17:39:15","guid":{"rendered":"https:\/\/svornitologia.org\/?page_id=1208"},"modified":"2025-12-05T13:27:10","modified_gmt":"2025-12-05T12:27:10","slug":"vinalopo","status":"publish","type":"page","link":"https:\/\/svornitologia.org\/es\/vinalopo\/","title":{"rendered":"VINALOP\u00d3"},"content":{"rendered":"<div class=\"wpb-content-wrapper\"><p>[vc_row][vc_column][vc_column_text css=&#8221;&#8221;]<\/p>\n<div class=\"traductor-checkbox form-group\">\n<div class=\"row\">\n<div class=\"traductor-textarea form-group\">\n<div class=\"textarea-desti col-xs-12 col-sm-6\">\n<div><\/div>\n<\/div>\n<\/div>\n<\/div>\n<p>El grupo local\u00a0SVO-Vinalop\u00f3\u00a0se consolid\u00f3 con el fin de coordinar los diferentes pueblos de la comarca del Vinalop\u00f3 (Bajo, Medio y Alto) y agrupar gente concienciada con la protecci\u00f3n de la natura y el estudio de la avifauna de nuestro territorio.<\/p>\n<p><strong>El grupo local SVO-Vinalop\u00f3 realiza o se propone realizar los siguientes proyectos\/actividades:<\/strong><\/p>\n<ul>\n<li>Divulgaci\u00f3n ciudadana para difundir la protecci\u00f3n de la biodiversidad de nuestros pueblos y de todo el territorio valenciano, as\u00ed como la iniciativa de ense\u00f1ar sobre la fauna y flora, principalmente sobre las aves.<\/li>\n<li>Actividades ornitol\u00f3gicas como salidas de campo, discursos, talleres, trabajos cient\u00edficos, censos&#8230;etc.<\/li>\n<li>Censo de aves urbanas migrantes insect\u00edvoras (<em>Apus\u00a0sp.,\u00a0Delichon\u00a0urbicum,\u00a0Hirundo\u00a0rustica<\/em>)\u00a0al casco urbano y edificios p\u00fablicos de diferentes pueblos, adem\u00e1s de una consecuente realizaci\u00f3n de campa\u00f1as de divulgaci\u00f3n y protecci\u00f3n de sus nidos. Durante el verano del a\u00f1o 2024 se realiz\u00f3 un trabajo de censo y geolocalizaci\u00f3n de nidos en el municipio de Mon\u00f3var y pedan\u00edas.<\/li>\n<li>Proyecto\u00a0MONAU\u00a0para el seguimiento de cajas nido de\u00a0p\u00e0rids\u00a0a los parajes naturales de la comarca.<\/li>\n<li>Proyecto ORONETES para el seguimiento de poblaciones de Golondrina cuablanca (<em>Delichon urbicum<\/em>) y la protecci\u00f3n de sus nidos mediante trabajos de concienciaci\u00f3n ciudadana.<\/li>\n<li>Proyecto AUS (Aprende Utilizando los Sentidos) como actividad educativa para ni\u00f1os en hospitales de la comarca.<\/li>\n<\/ul>\n<p><strong>Email de contacto: vinalopo@svornitologia.org<\/strong><\/p>\n<\/div>\n<p>[\/vc_column_text][\/vc_column][\/vc_row][vc_row][vc_column][vc_single_image image=&#8221;3814&#8243; img_size=&#8221;large&#8221; add_caption=&#8221;yes&#8221; alignment=&#8221;center&#8221; css=&#8221;&#8221;][\/vc_column][\/vc_row]<\/p>\n<\/div>","protected":false},"excerpt":{"rendered":"<p>[vc_row][vc_column][vc_column_text css=&#8221;&#8221;] El grupo local\u00a0SVO-Vinalop\u00f3\u00a0se consolid\u00f3 con el fin de coordinar los diferentes pueblos de la comarca del Vinalop\u00f3 (Bajo, Medio y Alto) y agrupar gente concienciada con la protecci\u00f3n de la natura y el estudio de la avifauna de nuestro territorio. El grupo local SVO-Vinalop\u00f3 realiza o se propone realizar los siguientes proyectos\/actividades: Divulgaci\u00f3n [&hellip;]<\/p>\n","protected":false},"author":1,"featured_media":0,"parent":0,"menu_order":0,"comment_status":"closed","ping_status":"closed","template":"","meta":{"footnotes":""},"class_list":["post-1208","page","type-page","status-publish","hentry","clearfix"],"_links":{"self":[{"href":"https:\/\/svornitologia.org\/es\/wp-json\/wp\/v2\/pages\/1208","targetHints":{"allow":["GET"]}}],"collection":[{"href":"https:\/\/svornitologia.org\/es\/wp-json\/wp\/v2\/pages"}],"about":[{"href":"https:\/\/svornitologia.org\/es\/wp-json\/wp\/v2\/types\/page"}],"author":[{"embeddable":true,"href":"https:\/\/svornitologia.org\/es\/wp-json\/wp\/v2\/users\/1"}],"replies":[{"embeddable":true,"href":"https:\/\/svornitologia.org\/es\/wp-json\/wp\/v2\/comments?post=1208"}],"version-history":[{"count":16,"href":"https:\/\/svornitologia.org\/es\/wp-json\/wp\/v2\/pages\/1208\/revisions"}],"predecessor-version":[{"id":3953,"href":"https:\/\/svornitologia.org\/es\/wp-json\/wp\/v2\/pages\/1208\/revisions\/3953"}],"wp:attachment":[{"href":"https:\/\/svornitologia.org\/es\/wp-json\/wp\/v2\/media?parent=1208"}],"curies":[{"name":"wp","href":"https:\/\/api.w.org\/{rel}","templated":true}]}}

VINALOPÓ

<div class="wpb-content-wrapper"><p>[vc_row][vc_column][vc_column_text css=&#8221;&#8221;]</p>
<div class="traductor-checkbox form-group">
<div class="row">
<div class="traductor-textarea form-group">
<div class="textarea-desti col-xs-12 col-sm-6">
<div></div>
</div>
</div>
</div>
<p>El grupo local SVO-Vinalopó se consolidó con el fin de coordinar los diferentes pueblos de la comarca del Vinalopó (Bajo, Medio y Alto) y agrupar gente concienciada con la protección de la natura y el estudio de la avifauna de nuestro territorio.</p>
<p><strong>El grupo local SVO-Vinalopó realiza o se propone realizar los siguientes proyectos/actividades:</strong></p>
<ul>
<li>Divulgación ciudadana para difundir la protección de la biodiversidad de nuestros pueblos y de todo el territorio valenciano, así como la iniciativa de enseñar sobre la fauna y flora, principalmente sobre las aves.</li>
<li>Actividades ornitológicas como salidas de campo, discursos, talleres, trabajos científicos, censos&#8230;etc.</li>
<li>Censo de aves urbanas migrantes insectívoras (<em>Apus sp., Delichon urbicum, Hirundo rustica</em>) al casco urbano y edificios públicos de diferentes pueblos, además de una consecuente realización de campañas de divulgación y protección de sus nidos. Durante el verano del año 2024 se realizó un trabajo de censo y geolocalización de nidos en el municipio de Monóvar y pedanías.</li>
<li>Proyecto MONAU para el seguimiento de cajas nido de pàrids a los parajes naturales de la comarca.</li>
<li>Proyecto ORONETES para el seguimiento de poblaciones de Golondrina cuablanca (<em>Delichon urbicum</em>) y la protección de sus nidos mediante trabajos de concienciación ciudadana.</li>
<li>Proyecto AUS (Aprende Utilizando los Sentidos) como actividad educativa para niños en hospitales de la comarca.</li>
</ul>
<p><strong>Email de contacto: vinalopo@svornitologia.org</strong></p>
</div>
<p>[/vc_column_text][/vc_column][/vc_row][vc_row][vc_column][vc_single_image image=&#8221;3814&#8243; img_size=&#8221;large&#8221; add_caption=&#8221;yes&#8221; alignment=&#8221;center&#8221; css=&#8221;&#8221;][/vc_column][/vc_row]</p>
</div>

<p>[vc_row][vc_column][vc_column_text css=&#8221;&#8221;] El grupo local SVO-Vinalopó se consolidó con el fin de coordinar los diferentes pueblos de la comarca del Vinalopó (Bajo, Medio y Alto) y agrupar gente concienciada con la protección de la natura y el estudio de la avifauna de nuestro territorio. El grupo local SVO-Vinalopó realiza o se propone realizar los siguientes proyectos/actividades: Divulgación [&hellip;]</p>
