{"id":1206,"date":"2018-05-08T17:38:55","date_gmt":"2018-05-08T17:38:55","guid":{"rendered":"https:\/\/svornitologia.org\/?page_id=1206"},"modified":"2025-12-05T13:37:03","modified_gmt":"2025-12-05T12:37:03","slug":"la-costera","status":"publish","type":"page","link":"https:\/\/svornitologia.org\/es\/la-costera\/","title":{"rendered":"LA COSTERA"},"content":{"rendered":"<p><strong>Grupo SVO La Costera.<\/strong><\/p>\n<p style=\"text-align: justify;\">El grupo fue creado en Octubre del 2016. Compartimos sede e inquietudes con el grupo ecologista local <em>Bosc Primigeni<\/em>, siendo el principal objetivo de ambos colectivos el dar a conocer la riqueza natural que a\u00fan se conserva en nuestro entorno\u00a0 para as\u00ed poder valorarla y conservarla.<\/p>\n<p style=\"text-align: justify;\">Para ello realizamos jornadas tem\u00e1ticas, salidas al campo, exposiciones fotogr\u00e1ficas, charlas divulgativas, colaboraciones con otros grupos ecologistas, etc.<\/p>\n<p style=\"text-align: justify;\">Si quer\u00e9is participar en nuestras actividades, aportar ideas e ilusionaros con todo aquello que la naturaleza nos ofrece, pod\u00e9is contactar con nosotros en el correo: lacostera@svornitologia.org y en los tel\u00e9fonos 657699285 (Jose) y 644492933 (Natxo).<\/p>\n<p style=\"text-align: justify;\">Tenemos la sede en <strong>X\u00e1tiva, c\/ Carneros 65-67<\/strong>, en una torre de la antigua muralla que rodeaba la ciudad y que es un magn\u00edfico punto de observaci\u00f3n de la sierra del castillo, donde habitan varias especies interesantes de aves.<\/p>\n","protected":false},"excerpt":{"rendered":"<p>Grupo SVO La Costera. El grupo fue creado en Octubre del 2016. Compartimos sede e inquietudes con el grupo ecologista local Bosc Primigeni, siendo el principal objetivo de ambos colectivos el dar a conocer la riqueza natural que a\u00fan se conserva en nuestro entorno\u00a0 para as\u00ed poder valorarla y conservarla. Para ello realizamos jornadas tem\u00e1ticas, [&hellip;]<\/p>\n","protected":false},"author":1,"featured_media":0,"parent":0,"menu_order":0,"comment_status":"closed","ping_status":"closed","template":"","meta":{"footnotes":""},"class_list":["post-1206","page","type-page","status-publish","hentry","clearfix"],"_links":{"self":[{"href":"https:\/\/svornitologia.org\/es\/wp-json\/wp\/v2\/pages\/1206","targetHints":{"allow":["GET"]}}],"collection":[{"href":"https:\/\/svornitologia.org\/es\/wp-json\/wp\/v2\/pages"}],"about":[{"href":"https:\/\/svornitologia.org\/es\/wp-json\/wp\/v2\/types\/page"}],"author":[{"embeddable":true,"href":"https:\/\/svornitologia.org\/es\/wp-json\/wp\/v2\/users\/1"}],"replies":[{"embeddable":true,"href":"https:\/\/svornitologia.org\/es\/wp-json\/wp\/v2\/comments?post=1206"}],"version-history":[{"count":2,"href":"https:\/\/svornitologia.org\/es\/wp-json\/wp\/v2\/pages\/1206\/revisions"}],"predecessor-version":[{"id":3964,"href":"https:\/\/svornitologia.org\/es\/wp-json\/wp\/v2\/pages\/1206\/revisions\/3964"}],"wp:attachment":[{"href":"https:\/\/svornitologia.org\/es\/wp-json\/wp\/v2\/media?parent=1206"}],"curies":[{"name":"wp","href":"https:\/\/api.w.org\/{rel}","templated":true}]}}

<p><strong>Grupo SVO La Costera.</strong></p>
<p style="text-align: justify;">El grupo fue creado en Octubre del 2016. Compartimos sede e inquietudes con el grupo ecologista local <em>Bosc Primigeni</em>, siendo el principal objetivo de ambos colectivos el dar a conocer la riqueza natural que aún se conserva en nuestro entorno  para así poder valorarla y conservarla.</p>
<p style="text-align: justify;">Para ello realizamos jornadas temáticas, salidas al campo, exposiciones fotográficas, charlas divulgativas, colaboraciones con otros grupos ecologistas, etc.</p>
<p style="text-align: justify;">Si queréis participar en nuestras actividades, aportar ideas e ilusionaros con todo aquello que la naturaleza nos ofrece, podéis contactar con nosotros en el correo: lacostera@svornitologia.org y en los teléfonos 657699285 (Jose) y 644492933 (Natxo).</p>
<p style="text-align: justify;">Tenemos la sede en <strong>Xátiva, c/ Carneros 65-67</strong>, en una torre de la antigua muralla que rodeaba la ciudad y que es un magnífico punto de observación de la sierra del castillo, donde habitan varias especies interesantes de aves.</p>

<p>Grupo SVO La Costera. El grupo fue creado en Octubre del 2016. Compartimos sede e inquietudes con el grupo ecologista local Bosc Primigeni, siendo el principal objetivo de ambos colectivos el dar a conocer la riqueza natural que aún se conserva en nuestro entorno  para así poder valorarla y conservarla. Para ello realizamos jornadas temáticas, [&hellip;]</p>
