{"id":1202,"date":"2018-05-08T17:38:32","date_gmt":"2018-05-08T17:38:32","guid":{"rendered":"https:\/\/svornitologia.org\/?page_id=1202"},"modified":"2025-12-05T13:23:39","modified_gmt":"2025-12-05T12:23:39","slug":"requena-utiel","status":"publish","type":"page","link":"https:\/\/svornitologia.org\/es\/requena-utiel\/","title":{"rendered":"REQUENA &#8211; UTIEL"},"content":{"rendered":"<p style=\"text-align: justify;\"><strong>SVO REQUENA-UTIEL<\/strong><\/p>\n<p style=\"text-align: justify;\">La <em>Societat Valenciana d\u2019Ornitologia<\/em> cuenta desde 1996 con una activa delegaci\u00f3n comarcal en la Meseta de Requena-Utiel. Los objetivos que se plantearon desde su constituci\u00f3n fueron el estudio de los valores naturales de los 9 municipios que conforman la comarca, y en especial de sus aves, la divulgaci\u00f3n y la defensa del patrimonio natural.<\/p>\n<p><img loading=\"lazy\" decoding=\"async\" class=\"size-full wp-image-1414 aligncenter\" src=\"https:\/\/svornitologia.org\/wp-content\/uploads\/2018\/05\/R\u00edo-Magro-por-San-Antonio.jpg\" alt=\"\" width=\"699\" height=\"468\" srcset=\"https:\/\/svornitologia.org\/wp-content\/uploads\/2018\/05\/R\u00edo-Magro-por-San-Antonio.jpg 699w, https:\/\/svornitologia.org\/wp-content\/uploads\/2018\/05\/R\u00edo-Magro-por-San-Antonio-300x201.jpg 300w\" sizes=\"auto, (max-width: 699px) 100vw, 699px\" \/><\/p>\n<p style=\"text-align: center;\"><em>Imagen 1. R\u00edo Magro a su paso por San Antonio.<\/em><\/p>\n<p style=\"text-align: justify;\">Desde entonces, muchas han sido las actividades acometidas para abordar esos fines. <strong>En el \u00e1mbito cient\u00edfico, se han llevado a cabo varios estudios ornitol\u00f3gicos que han sido plasmados en diversas publicaciones<\/strong>, entre las que destacan diversos art\u00edculos aparecidos en las revistas <em>El Serenet<\/em> u <em>Oleana<\/em>, y tres libros: <em>Aves de Requena 1991-1997<\/em>, <em>Aves de la Comarca Requena-Utiel<\/em>, y <em>Flora y Fauna de Venta del Moro.<\/em> Actualmente se est\u00e1 trabajando en la edici\u00f3n de un <em>Atlas de las Aves de la Comarca de Requena-Utiel<\/em>, y del libro\u00a0 <em>Aves del r\u00edo Magro<\/em>.<\/p>\n<p style=\"text-align: justify;\">En cuanto a la divulgaci\u00f3n\u00a0 de los valores naturales de la comarca, y especialmente de sus aves, se han desarrollado numerosas conferencias, cursos, intervenciones en medios de comunicaci\u00f3n como prensa escrita, radio y televisi\u00f3n, as\u00ed como participaciones en ferias del libro y de asociaciones, semanas del medio ambiente municipales y otras iniciativas similares. Actualmente se est\u00e1 trabajando en la organizaci\u00f3n de un Congreso de Naturaleza y Medio Ambiente de la Meseta de Requena-Utiel para 2018.<\/p>\n<p style=\"text-align: justify;\"><img loading=\"lazy\" decoding=\"async\" class=\"aligncenter size-full wp-image-1301\" src=\"https:\/\/svornitologia.org\/wp-content\/uploads\/2018\/05\/Acti1-e1527524777439.jpg\" alt=\"\" width=\"700\" height=\"525\" \/><\/p>\n<p style=\"text-align: center;\"><em>Imagen 2. Salida de campo por Los Cuchillos del Cabriel.<\/em><\/p>\n<p style=\"text-align: justify;\">Por \u00faltimo, en lo referente a la defensa del medio natural, <em>SVO Requena-Utiel<\/em>, ha desarrollado campa\u00f1as a favor de la conservaci\u00f3n tanto de aquellas especies de mayor inter\u00e9s como de los espacios naturales amenazados por distintas problem\u00e1ticas. \u00a0As\u00ed, algunas de las campa\u00f1as m\u00e1s relevantes han sido la de recuperaci\u00f3n del estado de las aguas y riberas del r\u00edo Magro, la de declaraci\u00f3n de parque natural para la cuenca hidrogr\u00e1fica del r\u00edo Cabriel, la llevada a cabo en contra de la instalaci\u00f3n de parque e\u00f3licos en las principales sierras comarcales, o la solicitud de distintas figuras de protecci\u00f3n para determinados lugares de inter\u00e9s como la zona esteparia del noroeste comarcal o de la cuenca hidrogr\u00e1fica del r\u00edo Reatillo. Actualmente <strong><em>SVO Requena-Utiel<\/em> est\u00e1 representada en las Juntas Rectoras de los dos parques naturales existentes en la comarca: <em>Hoces del Cabriel y Chera-Sot de Chera<\/em><\/strong>.<\/p>\n<p style=\"text-align: justify;\">Cualquier persona interesada en contactar con la delegaci\u00f3n comarcal puede escribir a:<\/p>\n<p><strong>requenautiel@svornitologia.org<\/strong><\/p>\n<p style=\"text-align: justify;\">\u00a1Te esperamos!<\/p>\n","protected":false},"excerpt":{"rendered":"<p>SVO REQUENA-UTIEL La Societat Valenciana d\u2019Ornitologia cuenta desde 1996 con una activa delegaci\u00f3n comarcal en la Meseta de Requena-Utiel. Los objetivos que se plantearon desde su constituci\u00f3n fueron el estudio de los valores naturales de los 9 municipios que conforman la comarca, y en especial de sus aves, la divulgaci\u00f3n y la defensa del patrimonio [&hellip;]<\/p>\n","protected":false},"author":1,"featured_media":0,"parent":0,"menu_order":0,"comment_status":"closed","ping_status":"closed","template":"","meta":{"footnotes":""},"class_list":["post-1202","page","type-page","status-publish","hentry","clearfix"],"_links":{"self":[{"href":"https:\/\/svornitologia.org\/es\/wp-json\/wp\/v2\/pages\/1202","targetHints":{"allow":["GET"]}}],"collection":[{"href":"https:\/\/svornitologia.org\/es\/wp-json\/wp\/v2\/pages"}],"about":[{"href":"https:\/\/svornitologia.org\/es\/wp-json\/wp\/v2\/types\/page"}],"author":[{"embeddable":true,"href":"https:\/\/svornitologia.org\/es\/wp-json\/wp\/v2\/users\/1"}],"replies":[{"embeddable":true,"href":"https:\/\/svornitologia.org\/es\/wp-json\/wp\/v2\/comments?post=1202"}],"version-history":[{"count":3,"href":"https:\/\/svornitologia.org\/es\/wp-json\/wp\/v2\/pages\/1202\/revisions"}],"predecessor-version":[{"id":3948,"href":"https:\/\/svornitologia.org\/es\/wp-json\/wp\/v2\/pages\/1202\/revisions\/3948"}],"wp:attachment":[{"href":"https:\/\/svornitologia.org\/es\/wp-json\/wp\/v2\/media?parent=1202"}],"curies":[{"name":"wp","href":"https:\/\/api.w.org\/{rel}","templated":true}]}}

<p style="text-align: justify;"><strong>SVO REQUENA-UTIEL</strong></p>
<p style="text-align: justify;">La <em>Societat Valenciana d’Ornitologia</em> cuenta desde 1996 con una activa delegación comarcal en la Meseta de Requena-Utiel. Los objetivos que se plantearon desde su constitución fueron el estudio de los valores naturales de los 9 municipios que conforman la comarca, y en especial de sus aves, la divulgación y la defensa del patrimonio natural.</p>
<p><img loading="lazy" decoding="async" class="size-full wp-image-1414 aligncenter" src="https://svornitologia.org/wp-content/uploads/2018/05/Río-Magro-por-San-Antonio.jpg" alt="" width="699" height="468" srcset="https://svornitologia.org/wp-content/uploads/2018/05/Río-Magro-por-San-Antonio.jpg 699w, https://svornitologia.org/wp-content/uploads/2018/05/Río-Magro-por-San-Antonio-300x201.jpg 300w" sizes="auto, (max-width: 699px) 100vw, 699px" /></p>
<p style="text-align: center;"><em>Imagen 1. Río Magro a su paso por San Antonio.</em></p>
<p style="text-align: justify;">Desde entonces, muchas han sido las actividades acometidas para abordar esos fines. <strong>En el ámbito científico, se han llevado a cabo varios estudios ornitológicos que han sido plasmados en diversas publicaciones</strong>, entre las que destacan diversos artículos aparecidos en las revistas <em>El Serenet</em> u <em>Oleana</em>, y tres libros: <em>Aves de Requena 1991-1997</em>, <em>Aves de la Comarca Requena-Utiel</em>, y <em>Flora y Fauna de Venta del Moro.</em> Actualmente se está trabajando en la edición de un <em>Atlas de las Aves de la Comarca de Requena-Utiel</em>, y del libro  <em>Aves del río Magro</em>.</p>
<p style="text-align: justify;">En cuanto a la divulgación  de los valores naturales de la comarca, y especialmente de sus aves, se han desarrollado numerosas conferencias, cursos, intervenciones en medios de comunicación como prensa escrita, radio y televisión, así como participaciones en ferias del libro y de asociaciones, semanas del medio ambiente municipales y otras iniciativas similares. Actualmente se está trabajando en la organización de un Congreso de Naturaleza y Medio Ambiente de la Meseta de Requena-Utiel para 2018.</p>
<p style="text-align: justify;"><img loading="lazy" decoding="async" class="aligncenter size-full wp-image-1301" src="https://svornitologia.org/wp-content/uploads/2018/05/Acti1-e1527524777439.jpg" alt="" width="700" height="525" /></p>
<p style="text-align: center;"><em>Imagen 2. Salida de campo por Los Cuchillos del Cabriel.</em></p>
<p style="text-align: justify;">Por último, en lo referente a la defensa del medio natural, <em>SVO Requena-Utiel</em>, ha desarrollado campañas a favor de la conservación tanto de aquellas especies de mayor interés como de los espacios naturales amenazados por distintas problemáticas.  Así, algunas de las campañas más relevantes han sido la de recuperación del estado de las aguas y riberas del río Magro, la de declaración de parque natural para la cuenca hidrográfica del río Cabriel, la llevada a cabo en contra de la instalación de parque eólicos en las principales sierras comarcales, o la solicitud de distintas figuras de protección para determinados lugares de interés como la zona esteparia del noroeste comarcal o de la cuenca hidrográfica del río Reatillo. Actualmente <strong><em>SVO Requena-Utiel</em> está representada en las Juntas Rectoras de los dos parques naturales existentes en la comarca: <em>Hoces del Cabriel y Chera-Sot de Chera</em></strong>.</p>
<p style="text-align: justify;">Cualquier persona interesada en contactar con la delegación comarcal puede escribir a:</p>
<p><strong>requenautiel@svornitologia.org</strong></p>
<p style="text-align: justify;">¡Te esperamos!</p>

<p>SVO REQUENA-UTIEL La Societat Valenciana d’Ornitologia cuenta desde 1996 con una activa delegación comarcal en la Meseta de Requena-Utiel. Los objetivos que se plantearon desde su constitución fueron el estudio de los valores naturales de los 9 municipios que conforman la comarca, y en especial de sus aves, la divulgación y la defensa del patrimonio [&hellip;]</p>
