{"id":1164,"date":"2018-05-08T17:02:29","date_gmt":"2018-05-08T17:02:29","guid":{"rendered":"https:\/\/svornitologia.org\/?page_id=1164"},"modified":"2019-11-26T18:33:52","modified_gmt":"2019-11-26T18:33:52","slug":"anuario-ornitologico","status":"publish","type":"page","link":"https:\/\/svornitologia.org\/es\/anuario-ornitologico\/","title":{"rendered":"ANUARIO ORNITOL\u00d3GICO"},"content":{"rendered":"<p style=\"text-align: justify;\"><strong>Anuario Ornitol\u00f3gico de la Comunitat Valenciana<\/strong><\/p>\n<p style=\"text-align: justify;\">El Anuario Ornitol\u00f3gico de la Comunitat Valenciana se inici\u00f3 en 1988 gracias al esfuerzo de los hermanos Dies, por lo tanto, en 2017 se han cumplido 30 a\u00f1os de historia de la ornitolog\u00eda &#8220;moderna&#8221; en nuestra Comunidad. Debemos tener en cuenta que los anuarios son importantes herramientas hist\u00f3ricas que nos permiten observar algunos cambios significativos en las aves de nuestro entorno.<\/p>\n<p style=\"text-align: justify;\">Desde ese primer anuario hasta este momento la publicaci\u00f3n ha sufrido una serie de \u201ccrisis\u201d. Miguel Tirado, la propia SVO o algunas publicaciones cient\u00edficas han aglomerado informaci\u00f3n desde que Nacho y Bosco Dies lo dejaran en 1994. Durante algunos a\u00f1os cada provincia \u201cactu\u00f3\u201d por separado y no llego hasta <strong>2009 el momento en el que ornit\u00f3logos de Alicante, Valencia y Castell\u00f3n se juntaran de nuevo para formar lo que es ahora mismo el AOCV<\/strong>, todo ello empleando la aplicaci\u00f3n web que otros reconocidos hermanos, los Bort, programaron en su d\u00eda para el anuario de la provincia Castell\u00f3n.<\/p>\n<p style=\"text-align: justify;\">En la web del anuario, de forma sencilla, los <em>bird watchers<\/em> pueden incluir citas y es el comit\u00e9 el que las revisa y decide incluirlas o no en el anuario correspondiente.<\/p>\n<p style=\"text-align: justify;\">El \u00faltimo n\u00famero ha vuelto a batir r\u00e9cords de participaci\u00f3n y de n\u00famero de especies, con un total de 526 participantes y 345 especies citadas, a\u00f1adiendo adem\u00e1s dos especies nuevas m\u00e1s al cat\u00e1logo de aves de nuestra comunidad, alcanzando un total de <strong>418 especies observadas<\/strong> hasta el momento, indudablemente \u00a1n\u00fameros muy interesantes!<\/p>\n<p style=\"text-align: justify;\"><img loading=\"lazy\" decoding=\"async\" class=\"aligncenter size-full wp-image-1277\" src=\"https:\/\/svornitologia.org\/wp-content\/uploads\/2018\/05\/anuario-e1527524057478.jpg\" alt=\"\" width=\"600\" height=\"402\" \/><\/p>\n<p style=\"text-align: center;\"><em>Imagen 1. Anuarios de 2011 y 2012-2013.<\/em><\/p>\n<p style=\"text-align: justify;\">Este proyecto se sigue sustentando con los recursos que de forma altruista ponen a su disposici\u00f3n las asociaciones ornitol\u00f3gicas y conservacionistas de la Comunidad Valenciana como el <em>Grup Au d\u2019Ornitologia, SEO\/BirdLife, Acci\u00f3 Ecologista <\/em>y la propia<em> Societat Valenciana d&#8217;Ornitologia<\/em>. Estas y otras asociaciones juegan un papel muy importante con la colaboraci\u00f3n de todos sus socios y fomentando que cada vez m\u00e1s personas salgan al campo con una libreta, una gu\u00eda de aves y unos prism\u00e1ticos.<\/p>\n<p style=\"text-align: justify;\">Con los 2 \u00faltimos vol\u00famenes bianuales, poco a poco vamos recuperando los a\u00f1os perdidos y parece que la decisi\u00f3n tomada hace a\u00f1os al respecto fue acertada, reduciendo el retraso hist\u00f3rico (casi end\u00e9mico) que acumulamos.<\/p>\n<p style=\"text-align: justify;\">Aqu\u00ed os dejamos los enlaces a los anuarios desde 2009, aconsej\u00e1ndoos que visit\u00e9is la <a href=\"http:\/\/www.internatura.org\/aocv\/index.html\">web del AOCV<\/a>. \u00a1Esperamos que los disfrut\u00e9is!<\/p>\n<p>&#8211; <a href=\"http:\/\/www.internatura.org\/aocv\/anuario_2009_CV.pdf\" target=\"_blank\" rel=\"noopener\">Anuario Ornitol\u00f3gico de la CV 2009<\/a><br \/>\n&#8211; <a href=\"http:\/\/www.internatura.org\/aocv\/anuario_2010_CV.pdf\" target=\"_blank\" rel=\"noopener\">Anuario Ornitol\u00f3gico de la CV 2010<\/a><br \/>\n&#8211; <a href=\"http:\/\/www.internatura.org\/aocv\/anuario_2011_CV.pdf\" target=\"_blank\" rel=\"noopener\">Anuario Ornitol\u00f3gico de la CV 2011<\/a><br \/>\n&#8211; <a href=\"http:\/\/www.internatura.org\/aocv\/anuario_2012-2013_CV.pdf\" target=\"_blank\" rel=\"noopener\">Anuario Ornitol\u00f3gico de la CV 2012-2013<\/a><br \/>\n&#8211; <a href=\"http:\/\/www.internatura.org\/aocv\/anuario_2014-2015_CV.pdf\" target=\"_blank\" rel=\"noopener\">Anuario Ornitol\u00f3gico de la CV 2014-2015<\/a><\/p>\n","protected":false},"excerpt":{"rendered":"<p>Anuario Ornitol\u00f3gico de la Comunitat Valenciana El Anuario Ornitol\u00f3gico de la Comunitat Valenciana se inici\u00f3 en 1988 gracias al esfuerzo de los hermanos Dies, por lo tanto, en 2017 se han cumplido 30 a\u00f1os de historia de la ornitolog\u00eda &#8220;moderna&#8221; en nuestra Comunidad. Debemos tener en cuenta que los anuarios son importantes herramientas hist\u00f3ricas que [&hellip;]<\/p>\n","protected":false},"author":1,"featured_media":0,"parent":0,"menu_order":0,"comment_status":"closed","ping_status":"closed","template":"","meta":{"footnotes":""},"class_list":["post-1164","page","type-page","status-publish","hentry","clearfix"],"_links":{"self":[{"href":"https:\/\/svornitologia.org\/es\/wp-json\/wp\/v2\/pages\/1164","targetHints":{"allow":["GET"]}}],"collection":[{"href":"https:\/\/svornitologia.org\/es\/wp-json\/wp\/v2\/pages"}],"about":[{"href":"https:\/\/svornitologia.org\/es\/wp-json\/wp\/v2\/types\/page"}],"author":[{"embeddable":true,"href":"https:\/\/svornitologia.org\/es\/wp-json\/wp\/v2\/users\/1"}],"replies":[{"embeddable":true,"href":"https:\/\/svornitologia.org\/es\/wp-json\/wp\/v2\/comments?post=1164"}],"version-history":[{"count":2,"href":"https:\/\/svornitologia.org\/es\/wp-json\/wp\/v2\/pages\/1164\/revisions"}],"predecessor-version":[{"id":2877,"href":"https:\/\/svornitologia.org\/es\/wp-json\/wp\/v2\/pages\/1164\/revisions\/2877"}],"wp:attachment":[{"href":"https:\/\/svornitologia.org\/es\/wp-json\/wp\/v2\/media?parent=1164"}],"curies":[{"name":"wp","href":"https:\/\/api.w.org\/{rel}","templated":true}]}}

ANUARIO ORNITOLÓGICO

<p style="text-align: justify;"><strong>Anuario Ornitológico de la Comunitat Valenciana</strong></p>
<p style="text-align: justify;">El Anuario Ornitológico de la Comunitat Valenciana se inició en 1988 gracias al esfuerzo de los hermanos Dies, por lo tanto, en 2017 se han cumplido 30 años de historia de la ornitología &#8220;moderna&#8221; en nuestra Comunidad. Debemos tener en cuenta que los anuarios son importantes herramientas históricas que nos permiten observar algunos cambios significativos en las aves de nuestro entorno.</p>
<p style="text-align: justify;">Desde ese primer anuario hasta este momento la publicación ha sufrido una serie de “crisis”. Miguel Tirado, la propia SVO o algunas publicaciones científicas han aglomerado información desde que Nacho y Bosco Dies lo dejaran en 1994. Durante algunos años cada provincia “actuó” por separado y no llego hasta <strong>2009 el momento en el que ornitólogos de Alicante, Valencia y Castellón se juntaran de nuevo para formar lo que es ahora mismo el AOCV</strong>, todo ello empleando la aplicación web que otros reconocidos hermanos, los Bort, programaron en su día para el anuario de la provincia Castellón.</p>
<p style="text-align: justify;">En la web del anuario, de forma sencilla, los <em>bird watchers</em> pueden incluir citas y es el comité el que las revisa y decide incluirlas o no en el anuario correspondiente.</p>
<p style="text-align: justify;">El último número ha vuelto a batir récords de participación y de número de especies, con un total de 526 participantes y 345 especies citadas, añadiendo además dos especies nuevas más al catálogo de aves de nuestra comunidad, alcanzando un total de <strong>418 especies observadas</strong> hasta el momento, indudablemente ¡números muy interesantes!</p>
<p style="text-align: justify;"><img loading="lazy" decoding="async" class="aligncenter size-full wp-image-1277" src="https://svornitologia.org/wp-content/uploads/2018/05/anuario-e1527524057478.jpg" alt="" width="600" height="402" /></p>
<p style="text-align: center;"><em>Imagen 1. Anuarios de 2011 y 2012-2013.</em></p>
<p style="text-align: justify;">Este proyecto se sigue sustentando con los recursos que de forma altruista ponen a su disposición las asociaciones ornitológicas y conservacionistas de la Comunidad Valenciana como el <em>Grup Au d’Ornitologia, SEO/BirdLife, Acció Ecologista </em>y la propia<em> Societat Valenciana d&#8217;Ornitologia</em>. Estas y otras asociaciones juegan un papel muy importante con la colaboración de todos sus socios y fomentando que cada vez más personas salgan al campo con una libreta, una guía de aves y unos prismáticos.</p>
<p style="text-align: justify;">Con los 2 últimos volúmenes bianuales, poco a poco vamos recuperando los años perdidos y parece que la decisión tomada hace años al respecto fue acertada, reduciendo el retraso histórico (casi endémico) que acumulamos.</p>
<p style="text-align: justify;">Aquí os dejamos los enlaces a los anuarios desde 2009, aconsejándoos que visitéis la <a href="http://www.internatura.org/aocv/index.html">web del AOCV</a>. ¡Esperamos que los disfrutéis!</p>
<p>&#8211; <a href="http://www.internatura.org/aocv/anuario_2009_CV.pdf" target="_blank" rel="noopener">Anuario Ornitológico de la CV 2009</a><br />
&#8211; <a href="http://www.internatura.org/aocv/anuario_2010_CV.pdf" target="_blank" rel="noopener">Anuario Ornitológico de la CV 2010</a><br />
&#8211; <a href="http://www.internatura.org/aocv/anuario_2011_CV.pdf" target="_blank" rel="noopener">Anuario Ornitológico de la CV 2011</a><br />
&#8211; <a href="http://www.internatura.org/aocv/anuario_2012-2013_CV.pdf" target="_blank" rel="noopener">Anuario Ornitológico de la CV 2012-2013</a><br />
&#8211; <a href="http://www.internatura.org/aocv/anuario_2014-2015_CV.pdf" target="_blank" rel="noopener">Anuario Ornitológico de la CV 2014-2015</a></p>

<p>Anuario Ornitológico de la Comunitat Valenciana El Anuario Ornitológico de la Comunitat Valenciana se inició en 1988 gracias al esfuerzo de los hermanos Dies, por lo tanto, en 2017 se han cumplido 30 años de historia de la ornitología &#8220;moderna&#8221; en nuestra Comunidad. Debemos tener en cuenta que los anuarios son importantes herramientas históricas que [&hellip;]</p>
