{"id":1153,"date":"2018-05-08T17:00:06","date_gmt":"2018-05-08T17:00:06","guid":{"rendered":"https:\/\/svornitologia.org\/?page_id=1153"},"modified":"2018-05-23T17:19:39","modified_gmt":"2018-05-23T17:19:39","slug":"otras-actividades","status":"publish","type":"page","link":"https:\/\/svornitologia.org\/es\/otras-actividades\/","title":{"rendered":"Otras actividades"},"content":{"rendered":"<p style=\"text-align: justify;\"><strong>Otras Actividades:<\/strong><\/p>\n<p style=\"text-align: justify;\">Dejando de lado las actividades con mayor reconocimiento dentro de la SVO como son los grandes proyectos o trabajos cient\u00edficos, la asociaci\u00f3n tambi\u00e9n realiza muchas otras actuaciones con un menor calado pero no por ello menos significativas, ya que todo suma y tanto la educaci\u00f3n ambiental fuera de un gran programa como la colaboraci\u00f3n o participaci\u00f3n en otros trabajos medioambientales son tambi\u00e9n muy importantes.<\/p>\n<p>&nbsp;<\/p>\n<p style=\"text-align: justify;\"><strong>A continuaci\u00f3n detallaremos algunas de esas \u201cotras actividades\u201d que realizamos:<\/strong><\/p>\n<ul>\n<li style=\"text-align: justify;\"><strong>Ayuntamientos<\/strong>: Son muchos los consistorios que nos piden asesoramiento en temas medioambientales o bien realizar directamente actividades para ellos. Desde hace 5 a\u00f1os quiz\u00e1 este tipo de convenios o colaboraciones ha cogido m\u00e1s fuerza, con multitud de salidas, cursos o talleres en municipios como Burjassot, Godella, X\u00e0tiva, Lliria, Torrent, Vinalesa, L\u2019Eliana, Requena, Novelda y muchos otros.<strong><br \/>\n<\/strong><\/li>\n<\/ul>\n<p style=\"text-align: center;\"><strong><img loading=\"lazy\" decoding=\"async\" class=\"aligncenter size-full wp-image-1375\" src=\"https:\/\/svornitologia.org\/wp-content\/uploads\/2018\/05\/horta3.jpg\" alt=\"\" width=\"699\" height=\"344\" srcset=\"https:\/\/svornitologia.org\/wp-content\/uploads\/2018\/05\/horta3.jpg 699w, https:\/\/svornitologia.org\/wp-content\/uploads\/2018\/05\/horta3-300x148.jpg 300w\" sizes=\"auto, (max-width: 699px) 100vw, 699px\" \/><\/strong><em style=\"text-align: center;\">Imagen 1. Ruta por la huerta de Burjassot<\/em><\/p>\n<p>&nbsp;<\/p>\n<ul>\n<li style=\"text-align: justify;\"><strong>Parques Naturales<\/strong>: De forma similar a la de los ayuntamientos, la SVO tambi\u00e9n colabora de forma activa con los Parques Naturales de la Red de Espacios Naturales Protegidos de la Comunidad Valenciana. Podr\u00edamos decir que debido a la mayor concentraci\u00f3n de socios en determinadas zonas, gran parte de nuestras actividades en Parques Naturales se centran en el P.N. de la Albufera de Valencia, en el del Turia, Hoces del Cabriel, Chera-Sot de Chera o la Calderona, fundamentalmente con salidas divulgativas para mostrar la biodiversidad de estos espacios.<\/li>\n<\/ul>\n<p style=\"text-align: center;\"><em><img loading=\"lazy\" decoding=\"async\" class=\"aligncenter size-full wp-image-1382\" src=\"https:\/\/svornitologia.org\/wp-content\/uploads\/2018\/05\/Acti9.jpg\" alt=\"\" width=\"700\" height=\"367\" srcset=\"https:\/\/svornitologia.org\/wp-content\/uploads\/2018\/05\/Acti9.jpg 700w, https:\/\/svornitologia.org\/wp-content\/uploads\/2018\/05\/Acti9-300x157.jpg 300w\" sizes=\"auto, (max-width: 700px) 100vw, 700px\" \/>Imagen 2. Jornada en el Rac\u00f3 de l&#8217;Olla (PN Albufera de Val\u00e8ncia)<\/em><\/p>\n<p>&nbsp;<\/p>\n<ul style=\"text-align: justify;\">\n<li><strong>Censo de halcones de Eleonora \u00a0(<em>Falco eleonorae<\/em>) en Talayuelas (Cuenca)<\/strong>: En 1999 descubrimos que a finales de junio, durante las incursiones peninsulares de esta espectacular ave antes de iniciar su periodo reproductor en las islas mediterr\u00e1neas, se concentraban al atardecer ejemplares de Eleonora en la laguna conquense de Talayuelas, humedal rodeado de magn\u00edficos pinares adultos donde puede coger fuerzas aliment\u00e1ndose de escarabajos sanjuaneros y abundantes lib\u00e9lulas. A partir de ese a\u00f1o el\u00a0Grupo SVO Requena-Utiel\u00a0viene realizando un muestreo todos los veranos. En <u>este enlace<\/u> puedes descargar el PDF con los resultados.<\/li>\n<\/ul>\n<p style=\"text-align: center;\"><em><img loading=\"lazy\" decoding=\"async\" class=\"aligncenter size-full wp-image-1384\" src=\"https:\/\/svornitologia.org\/wp-content\/uploads\/2018\/05\/Talayuelas.jpg\" alt=\"\" width=\"479\" height=\"263\" srcset=\"https:\/\/svornitologia.org\/wp-content\/uploads\/2018\/05\/Talayuelas.jpg 479w, https:\/\/svornitologia.org\/wp-content\/uploads\/2018\/05\/Talayuelas-300x165.jpg 300w\" sizes=\"auto, (max-width: 479px) 100vw, 479px\" \/>Imagen 3. Censo de halc\u00f3n de Eleonora<\/em><\/p>\n<p>&nbsp;<\/p>\n<ul style=\"text-align: justify;\">\n<li style=\"text-align: justify;\"><strong>Colaboraci\u00f3n en el Censo de Aves Marinas Invernantes en el Litoral de la Comunidad Valenciana<\/strong>: Ya son m\u00e1s de 15 a\u00f1os los que lleva realizando este tradicional censo de aves en nuestras costas y la SVO, como no pod\u00eda ser de otra forma, colabora de forma activa especialmente en el litoral de la provincia de Valencia.<\/li>\n<\/ul>\n<p style=\"text-align: center;\"><em><img loading=\"lazy\" decoding=\"async\" class=\"aligncenter size-full wp-image-1380\" src=\"https:\/\/svornitologia.org\/wp-content\/uploads\/2018\/05\/CensoLitoral2016.jpg\" alt=\"\" width=\"699\" height=\"410\" srcset=\"https:\/\/svornitologia.org\/wp-content\/uploads\/2018\/05\/CensoLitoral2016.jpg 699w, https:\/\/svornitologia.org\/wp-content\/uploads\/2018\/05\/CensoLitoral2016-300x176.jpg 300w\" sizes=\"auto, (max-width: 699px) 100vw, 699px\" \/>Imagen 4. Cartel del CAMILCV 2016<\/em><\/p>\n<p>&nbsp;<\/p>\n<ul>\n<li style=\"text-align: justify;\"><strong>Congresos de Naturaleza de la Meseta Requena-Utiel:<\/strong> El grupo local SVO Requena-Utiel organiza dicho congreso que tendr\u00e1 lugar el 27 y 28 de octubre de 2018 en Requena. <a href=\"https:\/\/congresonaturalezarequena.blogspot.com.es\/\" target=\"_blank\" rel=\"noopener\">Blog del Congreso<\/a>.<\/li>\n<\/ul>\n<p style=\"text-align: center;\"><em><img loading=\"lazy\" decoding=\"async\" class=\"aligncenter size-full wp-image-1377\" src=\"https:\/\/svornitologia.org\/wp-content\/uploads\/2018\/05\/cartel-congres.jpg\" alt=\"\" width=\"499\" height=\"704\" srcset=\"https:\/\/svornitologia.org\/wp-content\/uploads\/2018\/05\/cartel-congres.jpg 499w, https:\/\/svornitologia.org\/wp-content\/uploads\/2018\/05\/cartel-congres-213x300.jpg 213w\" sizes=\"auto, (max-width: 499px) 100vw, 499px\" \/><\/em><em>Imagen 5. Cartel del CNMRU 2018<\/em><\/p>\n","protected":false},"excerpt":{"rendered":"<p>Otras Actividades: Dejando de lado las actividades con mayor reconocimiento dentro de la SVO como son los grandes proyectos o trabajos cient\u00edficos, la asociaci\u00f3n tambi\u00e9n realiza muchas otras actuaciones con un menor calado pero no por ello menos significativas, ya que todo suma y tanto la educaci\u00f3n ambiental fuera de un gran programa como la [&hellip;]<\/p>\n","protected":false},"author":1,"featured_media":0,"parent":0,"menu_order":0,"comment_status":"closed","ping_status":"closed","template":"","meta":{"footnotes":""},"class_list":["post-1153","page","type-page","status-publish","hentry","clearfix"],"_links":{"self":[{"href":"https:\/\/svornitologia.org\/es\/wp-json\/wp\/v2\/pages\/1153","targetHints":{"allow":["GET"]}}],"collection":[{"href":"https:\/\/svornitologia.org\/es\/wp-json\/wp\/v2\/pages"}],"about":[{"href":"https:\/\/svornitologia.org\/es\/wp-json\/wp\/v2\/types\/page"}],"author":[{"embeddable":true,"href":"https:\/\/svornitologia.org\/es\/wp-json\/wp\/v2\/users\/1"}],"replies":[{"embeddable":true,"href":"https:\/\/svornitologia.org\/es\/wp-json\/wp\/v2\/comments?post=1153"}],"version-history":[{"count":0,"href":"https:\/\/svornitologia.org\/es\/wp-json\/wp\/v2\/pages\/1153\/revisions"}],"wp:attachment":[{"href":"https:\/\/svornitologia.org\/es\/wp-json\/wp\/v2\/media?parent=1153"}],"curies":[{"name":"wp","href":"https:\/\/api.w.org\/{rel}","templated":true}]}}

<p style="text-align: justify;"><strong>Otras Actividades:</strong></p>
<p style="text-align: justify;">Dejando de lado las actividades con mayor reconocimiento dentro de la SVO como son los grandes proyectos o trabajos científicos, la asociación también realiza muchas otras actuaciones con un menor calado pero no por ello menos significativas, ya que todo suma y tanto la educación ambiental fuera de un gran programa como la colaboración o participación en otros trabajos medioambientales son también muy importantes.</p>
<p>&nbsp;</p>
<p style="text-align: justify;"><strong>A continuación detallaremos algunas de esas “otras actividades” que realizamos:</strong></p>
<ul>
<li style="text-align: justify;"><strong>Ayuntamientos</strong>: Son muchos los consistorios que nos piden asesoramiento en temas medioambientales o bien realizar directamente actividades para ellos. Desde hace 5 años quizá este tipo de convenios o colaboraciones ha cogido más fuerza, con multitud de salidas, cursos o talleres en municipios como Burjassot, Godella, Xàtiva, Lliria, Torrent, Vinalesa, L’Eliana, Requena, Novelda y muchos otros.<strong><br />
</strong></li>
</ul>
<p style="text-align: center;"><strong><img loading="lazy" decoding="async" class="aligncenter size-full wp-image-1375" src="https://svornitologia.org/wp-content/uploads/2018/05/horta3.jpg" alt="" width="699" height="344" srcset="https://svornitologia.org/wp-content/uploads/2018/05/horta3.jpg 699w, https://svornitologia.org/wp-content/uploads/2018/05/horta3-300x148.jpg 300w" sizes="auto, (max-width: 699px) 100vw, 699px" /></strong><em style="text-align: center;">Imagen 1. Ruta por la huerta de Burjassot</em></p>
<p>&nbsp;</p>
<ul>
<li style="text-align: justify;"><strong>Parques Naturales</strong>: De forma similar a la de los ayuntamientos, la SVO también colabora de forma activa con los Parques Naturales de la Red de Espacios Naturales Protegidos de la Comunidad Valenciana. Podríamos decir que debido a la mayor concentración de socios en determinadas zonas, gran parte de nuestras actividades en Parques Naturales se centran en el P.N. de la Albufera de Valencia, en el del Turia, Hoces del Cabriel, Chera-Sot de Chera o la Calderona, fundamentalmente con salidas divulgativas para mostrar la biodiversidad de estos espacios.</li>
</ul>
<p style="text-align: center;"><em><img loading="lazy" decoding="async" class="aligncenter size-full wp-image-1382" src="https://svornitologia.org/wp-content/uploads/2018/05/Acti9.jpg" alt="" width="700" height="367" srcset="https://svornitologia.org/wp-content/uploads/2018/05/Acti9.jpg 700w, https://svornitologia.org/wp-content/uploads/2018/05/Acti9-300x157.jpg 300w" sizes="auto, (max-width: 700px) 100vw, 700px" />Imagen 2. Jornada en el Racó de l&#8217;Olla (PN Albufera de València)</em></p>
<p>&nbsp;</p>
<ul style="text-align: justify;">
<li><strong>Censo de halcones de Eleonora  (<em>Falco eleonorae</em>) en Talayuelas (Cuenca)</strong>: En 1999 descubrimos que a finales de junio, durante las incursiones peninsulares de esta espectacular ave antes de iniciar su periodo reproductor en las islas mediterráneas, se concentraban al atardecer ejemplares de Eleonora en la laguna conquense de Talayuelas, humedal rodeado de magníficos pinares adultos donde puede coger fuerzas alimentándose de escarabajos sanjuaneros y abundantes libélulas. A partir de ese año el Grupo SVO Requena-Utiel viene realizando un muestreo todos los veranos. En <u>este enlace</u> puedes descargar el PDF con los resultados.</li>
</ul>
<p style="text-align: center;"><em><img loading="lazy" decoding="async" class="aligncenter size-full wp-image-1384" src="https://svornitologia.org/wp-content/uploads/2018/05/Talayuelas.jpg" alt="" width="479" height="263" srcset="https://svornitologia.org/wp-content/uploads/2018/05/Talayuelas.jpg 479w, https://svornitologia.org/wp-content/uploads/2018/05/Talayuelas-300x165.jpg 300w" sizes="auto, (max-width: 479px) 100vw, 479px" />Imagen 3. Censo de halcón de Eleonora</em></p>
<p>&nbsp;</p>
<ul style="text-align: justify;">
<li style="text-align: justify;"><strong>Colaboración en el Censo de Aves Marinas Invernantes en el Litoral de la Comunidad Valenciana</strong>: Ya son más de 15 años los que lleva realizando este tradicional censo de aves en nuestras costas y la SVO, como no podía ser de otra forma, colabora de forma activa especialmente en el litoral de la provincia de Valencia.</li>
</ul>
<p style="text-align: center;"><em><img loading="lazy" decoding="async" class="aligncenter size-full wp-image-1380" src="https://svornitologia.org/wp-content/uploads/2018/05/CensoLitoral2016.jpg" alt="" width="699" height="410" srcset="https://svornitologia.org/wp-content/uploads/2018/05/CensoLitoral2016.jpg 699w, https://svornitologia.org/wp-content/uploads/2018/05/CensoLitoral2016-300x176.jpg 300w" sizes="auto, (max-width: 699px) 100vw, 699px" />Imagen 4. Cartel del CAMILCV 2016</em></p>
<p>&nbsp;</p>
<ul>
<li style="text-align: justify;"><strong>Congresos de Naturaleza de la Meseta Requena-Utiel:</strong> El grupo local SVO Requena-Utiel organiza dicho congreso que tendrá lugar el 27 y 28 de octubre de 2018 en Requena. <a href="https://congresonaturalezarequena.blogspot.com.es/" target="_blank" rel="noopener">Blog del Congreso</a>.</li>
</ul>
<p style="text-align: center;"><em><img loading="lazy" decoding="async" class="aligncenter size-full wp-image-1377" src="https://svornitologia.org/wp-content/uploads/2018/05/cartel-congres.jpg" alt="" width="499" height="704" srcset="https://svornitologia.org/wp-content/uploads/2018/05/cartel-congres.jpg 499w, https://svornitologia.org/wp-content/uploads/2018/05/cartel-congres-213x300.jpg 213w" sizes="auto, (max-width: 499px) 100vw, 499px" /></em><em>Imagen 5. Cartel del CNMRU 2018</em></p>

<p>Otras Actividades: Dejando de lado las actividades con mayor reconocimiento dentro de la SVO como son los grandes proyectos o trabajos científicos, la asociación también realiza muchas otras actuaciones con un menor calado pero no por ello menos significativas, ya que todo suma y tanto la educación ambiental fuera de un gran programa como la [&hellip;]</p>
