{"id":1143,"date":"2018-05-08T16:58:55","date_gmt":"2018-05-08T16:58:55","guid":{"rendered":"https:\/\/svornitologia.org\/?page_id=1143"},"modified":"2018-05-23T18:00:10","modified_gmt":"2018-05-23T18:00:10","slug":"seguimiento-de-rapaces-en-migracion","status":"publish","type":"page","link":"https:\/\/svornitologia.org\/es\/seguimiento-de-rapaces-en-migracion\/","title":{"rendered":"Seguimiento de rapaces en migraci\u00f3n"},"content":{"rendered":"<p style=\"text-align: justify;\"><strong>Seguimiento de la migraci\u00f3n postnupcial de aves rapaces en la Comunidad Valenciana<\/strong><\/p>\n<p style=\"text-align: justify;\">Este programa, que se inici\u00f3 en 2012, pretende realizar el seguimiento de la migraci\u00f3n postnupcial de aves rapaces a trav\u00e9s de la Comunidad Valenciana mediante la observaci\u00f3n directa desde estaciones fijas que nos permitan mejorar nuestra comprensi\u00f3n de la migraci\u00f3n de estas aves y monitorizar, a medio y largo plazo, la evoluci\u00f3n de sus poblaciones y de sus rutas.\u00a0Desde estos puestos de observaci\u00f3n, distribuidos en elevaciones monta\u00f1osas de toda la Comunidad Valenciana, adem\u00e1s de rapaces tambi\u00e9n pasa una considerable cantidad de aves de otras especies, como golondrinas, aviones, vencejos o abejarucos. Todo este contingente conforma un registro igualmente interesante que tambi\u00e9n se anotan en las fichas de campo.<\/p>\n<p style=\"text-align: center;\"><em><img loading=\"lazy\" decoding=\"async\" class=\"aligncenter size-full wp-image-1397\" src=\"https:\/\/svornitologia.org\/wp-content\/uploads\/2018\/05\/Misericordia.jpg\" alt=\"\" width=\"698\" height=\"297\" srcset=\"https:\/\/svornitologia.org\/wp-content\/uploads\/2018\/05\/Misericordia.jpg 698w, https:\/\/svornitologia.org\/wp-content\/uploads\/2018\/05\/Misericordia-300x128.jpg 300w\" sizes=\"auto, (max-width: 698px) 100vw, 698px\" \/>Imagen 1.\u00a0El Puig de la Misericordia. APNAL-EA Vinar\u00f2s<\/em><\/p>\n<p>&nbsp;<\/p>\n<p style=\"text-align: justify;\"><strong>El programa de seguimiento es muy sencillo, y para ello se realiza el siguiente esfuerzo:<\/strong><\/p>\n<ul style=\"text-align: justify;\">\n<li>El per\u00edodo abarca desde el 24 de agosto al 1 de noviembre.<\/li>\n<li>10 visitas (que corresponden a una visita semanal), aunque se considerar\u00e1 una estaci\u00f3n cubierta con un m\u00ednimo de 8 visitas.<\/li>\n<li>3 horas de censo para cada una de las visitas en un horario fijo entre las 10.00 y las 13:00.<\/li>\n<\/ul>\n<p style=\"text-align: justify;\">Despu\u00e9s de 6 a\u00f1os de seguimiento se ha podido extraer algunas primeras conclusiones, que viene a confirmar lo que se intu\u00eda antes de iniciar este ambicioso proyecto. Existe una clara ruta migratoria que atraviesa nuestra comunidad, diferenciada en ruta de interior y de costa, as\u00ed como una definida estacionalidad en el paso de las especies, habiendo rapaces, como los milanos, que pasan muy temprano y otras, como los ratoneros, que pasan en octubre.<\/p>\n<p style=\"text-align: center;\"><em><img loading=\"lazy\" decoding=\"async\" class=\"aligncenter size-full wp-image-1398\" src=\"https:\/\/svornitologia.org\/wp-content\/uploads\/2018\/05\/Fortin.jpg\" alt=\"\" width=\"698\" height=\"398\" srcset=\"https:\/\/svornitologia.org\/wp-content\/uploads\/2018\/05\/Fortin.jpg 698w, https:\/\/svornitologia.org\/wp-content\/uploads\/2018\/05\/Fortin-300x171.jpg 300w\" sizes=\"auto, (max-width: 698px) 100vw, 698px\" \/>Imagen 1.\u00a0El Fort\u00edn (Cullera). Actio Birding<\/em><\/p>\n<p>&nbsp;<\/p>\n<p style=\"text-align: justify;\">La continuidad de este proyecto nos permitir\u00e1 conocer a\u00fan mejor los movimientos migratorios de las aves rapaces en nuestro territorio. <strong>Las personas interesadas en participar en este proyecto pueden unirse a las estaciones ya existentes o crear una nueva<\/strong>. Para ello, deber\u00e1n contactar con los coordinadores del proyecto:<\/p>\n<p style=\"text-align: justify;\"><strong>Miguel Tirado\u00a0<a href=\"mailto:tiradobernat@gmail.com\">tiradobernat@gmail.com<\/a>\u00a0o Pedro A. del Ba\u00f1o:\u00a0<a href=\"mailto:pedroadb1@gmail.com\">pedroadb1@gmail.com<\/a><\/strong><\/p>\n<p>&nbsp;<\/p>\n<p>&nbsp;<\/p>\n","protected":false},"excerpt":{"rendered":"<p>Seguimiento de la migraci\u00f3n postnupcial de aves rapaces en la Comunidad Valenciana Este programa, que se inici\u00f3 en 2012, pretende realizar el seguimiento de la migraci\u00f3n postnupcial de aves rapaces a trav\u00e9s de la Comunidad Valenciana mediante la observaci\u00f3n directa desde estaciones fijas que nos permitan mejorar nuestra comprensi\u00f3n de la migraci\u00f3n de estas aves [&hellip;]<\/p>\n","protected":false},"author":1,"featured_media":0,"parent":0,"menu_order":0,"comment_status":"closed","ping_status":"closed","template":"","meta":{"footnotes":""},"class_list":["post-1143","page","type-page","status-publish","hentry","clearfix"],"_links":{"self":[{"href":"https:\/\/svornitologia.org\/es\/wp-json\/wp\/v2\/pages\/1143","targetHints":{"allow":["GET"]}}],"collection":[{"href":"https:\/\/svornitologia.org\/es\/wp-json\/wp\/v2\/pages"}],"about":[{"href":"https:\/\/svornitologia.org\/es\/wp-json\/wp\/v2\/types\/page"}],"author":[{"embeddable":true,"href":"https:\/\/svornitologia.org\/es\/wp-json\/wp\/v2\/users\/1"}],"replies":[{"embeddable":true,"href":"https:\/\/svornitologia.org\/es\/wp-json\/wp\/v2\/comments?post=1143"}],"version-history":[{"count":0,"href":"https:\/\/svornitologia.org\/es\/wp-json\/wp\/v2\/pages\/1143\/revisions"}],"wp:attachment":[{"href":"https:\/\/svornitologia.org\/es\/wp-json\/wp\/v2\/media?parent=1143"}],"curies":[{"name":"wp","href":"https:\/\/api.w.org\/{rel}","templated":true}]}}

Seguimiento de rapaces en migración

<p style="text-align: justify;"><strong>Seguimiento de la migración postnupcial de aves rapaces en la Comunidad Valenciana</strong></p>
<p style="text-align: justify;">Este programa, que se inició en 2012, pretende realizar el seguimiento de la migración postnupcial de aves rapaces a través de la Comunidad Valenciana mediante la observación directa desde estaciones fijas que nos permitan mejorar nuestra comprensión de la migración de estas aves y monitorizar, a medio y largo plazo, la evolución de sus poblaciones y de sus rutas. Desde estos puestos de observación, distribuidos en elevaciones montañosas de toda la Comunidad Valenciana, además de rapaces también pasa una considerable cantidad de aves de otras especies, como golondrinas, aviones, vencejos o abejarucos. Todo este contingente conforma un registro igualmente interesante que también se anotan en las fichas de campo.</p>
<p style="text-align: center;"><em><img loading="lazy" decoding="async" class="aligncenter size-full wp-image-1397" src="https://svornitologia.org/wp-content/uploads/2018/05/Misericordia.jpg" alt="" width="698" height="297" srcset="https://svornitologia.org/wp-content/uploads/2018/05/Misericordia.jpg 698w, https://svornitologia.org/wp-content/uploads/2018/05/Misericordia-300x128.jpg 300w" sizes="auto, (max-width: 698px) 100vw, 698px" />Imagen 1. El Puig de la Misericordia. APNAL-EA Vinaròs</em></p>
<p>&nbsp;</p>
<p style="text-align: justify;"><strong>El programa de seguimiento es muy sencillo, y para ello se realiza el siguiente esfuerzo:</strong></p>
<ul style="text-align: justify;">
<li>El período abarca desde el 24 de agosto al 1 de noviembre.</li>
<li>10 visitas (que corresponden a una visita semanal), aunque se considerará una estación cubierta con un mínimo de 8 visitas.</li>
<li>3 horas de censo para cada una de las visitas en un horario fijo entre las 10.00 y las 13:00.</li>
</ul>
<p style="text-align: justify;">Después de 6 años de seguimiento se ha podido extraer algunas primeras conclusiones, que viene a confirmar lo que se intuía antes de iniciar este ambicioso proyecto. Existe una clara ruta migratoria que atraviesa nuestra comunidad, diferenciada en ruta de interior y de costa, así como una definida estacionalidad en el paso de las especies, habiendo rapaces, como los milanos, que pasan muy temprano y otras, como los ratoneros, que pasan en octubre.</p>
<p style="text-align: center;"><em><img loading="lazy" decoding="async" class="aligncenter size-full wp-image-1398" src="https://svornitologia.org/wp-content/uploads/2018/05/Fortin.jpg" alt="" width="698" height="398" srcset="https://svornitologia.org/wp-content/uploads/2018/05/Fortin.jpg 698w, https://svornitologia.org/wp-content/uploads/2018/05/Fortin-300x171.jpg 300w" sizes="auto, (max-width: 698px) 100vw, 698px" />Imagen 1. El Fortín (Cullera). Actio Birding</em></p>
<p>&nbsp;</p>
<p style="text-align: justify;">La continuidad de este proyecto nos permitirá conocer aún mejor los movimientos migratorios de las aves rapaces en nuestro territorio. <strong>Las personas interesadas en participar en este proyecto pueden unirse a las estaciones ya existentes o crear una nueva</strong>. Para ello, deberán contactar con los coordinadores del proyecto:</p>
<p style="text-align: justify;"><strong>Miguel Tirado <a href="mailto:tiradobernat@gmail.com">tiradobernat@gmail.com</a> o Pedro A. del Baño: <a href="mailto:pedroadb1@gmail.com">pedroadb1@gmail.com</a></strong></p>
<p>&nbsp;</p>
<p>&nbsp;</p>

<p>Seguimiento de la migración postnupcial de aves rapaces en la Comunidad Valenciana Este programa, que se inició en 2012, pretende realizar el seguimiento de la migración postnupcial de aves rapaces a través de la Comunidad Valenciana mediante la observación directa desde estaciones fijas que nos permitan mejorar nuestra comprensión de la migración de estas aves [&hellip;]</p>
